te the remainder when 750 is divided by 94.
92
What is the remainder when 22 is divided by 4?
2
What is the remainder when 1090 is divided by 12?
10
Calculate the remainder when 168 is divided by 9.
6
What is the remainder when 6338 is divided by 14?
10
What is the remainder when 382 is divided by 32?
30
Calculate the remainder when 171 is divided by 36.
27
What is the remainder when 99 is divided by 7?
1
What is the remainder when 20 is divided by 8?
4
What is the remainder when 3400 is divided by 1133?
1
What is the remainder when 6874 is divided by 11?
10
Calculate the remainder when 1314 is divided by 28.
26
What is the remainder when 284 is divided by 70?
4
Calculate the remainder when 89 is divided by 49.
40
What is the remainder when 569 is divided by 13?
10
What is the remainder when 3518 is divided by 498?
32
What is the remainder when 13071 is divided by 139?
5
What is the remainder when 4274 is divided by 19?
18
Calculate the remainder when 308 is divided by 8.
4
What is the remainder when 10221 is divided by 3405?
6
What is the remainder when 376 is divided by 58?
28
What is the remainder when 1770 is divided by 98?
6
Calculate the remainder when 14416 is divided by 19.
14
What is the remainder when 572 is divided by 115?
112
What is the remainder when 81 is divided by 42?
39
Calculate the remainder when 74 is divided by 25.
24
What is the remainder when 196 is divided by 164?
32
Calculate the remainder when 2518 is divided by 63.
61
Calculate the remainder when 247 is divided by 145.
102
Calculate the remainder when 176 is divided by 21.
8
What is the remainder when 2783 is divided by 48?
47
What is the remainder when 745 is divided by 58?
49
Calculate the remainder when 2998 is divided by 6.
4
What is the remainder when 600 is divided by 14?
12
Calculate the remainder when 47 is divided by 26.
21
What is the remainder when 22 is divided by 10?
2
Calculate the remainder when 2775 is divided by 277.
5
What is the remainder when 1037 is divided by 128?
13
What is the remainder when 4375 is divided by 1088?
23
Calculate the remainder when 132 is divided by 15.
12
What is the remainder when 1094 is divided by 93?
71
Calculate the remainder when 836 is divided by 243.
107
Calculate the remainder when 287 is divided by 48.
47
What is the remainder when 756 is divided by 52?
28
What is the remainder when 94 is divided by 22?
6
Calculate the remainder when 44 is divided by 15.
14
Calculate the remainder when 1627 is divided by 31.
15
What is the remainder when 398 is divided by 194?
10
What is the remainder when 6458 is divided by 4?
2
What is the remainder when 297 is divided by 99?
0
What is the remainder when 204 is divided by 13?
9
What is the remainder when 12 is divided by 2?
0
Calculate the remainder when 15323 is divided by 25.
23
Calculate the remainder when 907 is divided by 76.
71
Calculate the remainder when 544 is divided by 172.
28
Calculate the remainder when 551 is divided by 3.
2
Calculate the remainder when 32 is divided by 5.
2
What is the remainder when 256 is divided by 43?
41
What is the remainder when 161 is divided by 9?
8
Calculate the remainder when 558 is divided by 56.
54
What is the remainder when 13 is divided by 10?
3
What is the remainder when 156 is divided by 51?
3
Calculate the remainder when 145 is divided by 24.
1
What is the remainder when 754 is divided by 33?
28
Calculate the remainder when 211 is divided by 50.
11
Calculate the remainder when 258 is divided by 52.
50
What is the remainder when 531 is divided by 136?
123
Calculate the remainder when 3557 is divided by 506.
15
Calculate the remainder when 458 is divided by 79.
63
What is the remainder when 109 is divided by 60?
49
What is the remainder when 46 is divided by 34?
12
What is the remainder when 982 is divided by 76?
70
Calculate the remainder when 788 is divided by 22.
18
What is the remainder when 149 is divided by 13?
6
Calculate the remainder when 1482 is divided by 124.
118
What is the remainder when 29351 is divided by 149?
147
What is the remainder when 831 is divided by 64?
63
Calculate the remainder when 217 is divided by 10.
7
Calculate the remainder when 116 is divided by 10.
6
Calculate the remainder when 3154 is divided by 22.
8
Calculate the remainder when 1347 is divided by 104.
99
Calculate the remainder when 31 is divided by 9.
4
Calculate the remainder when 85 is divided by 25.
10
What is the remainder when 7545 is divided by 14?
13
What is the remainder when 7192 is divided by 225?
217
Calculate the remainder when 163 is divided by 52.
7
What is the remainder when 173 is divided by 64?
45
What is the remainder when 286 is divided by 16?
14
Calculate the remainder when 335 is divided by 43.
34
What is the remainder when 2075 is divided by 24?
11
Calculate the remainder when 1889 is divided by 40.
9
What is the remainder when 40 is divided by 11?
7
What is the remainder when 249 is divided by 220?
29
Calculate the remainder when 777 is divided by 41.
39
Calculate the remainder when 641 is divided by 155.
21
Calculate the remainder when 1049 is divided by 86.
17
What is the remainder when 190 is divided by 54?
28
Calculate the remainder when 458 is divided by 428.
30
What is the remainder when 395 is divided by 66?
65
What is the remainder when 7294 is divided by 48?
46
What is the remainder when 2097 is divided by 30?
27
Calculate the remainder when 1683 is divided by 266.
87
Calculate the remainder when 717 is divided by 12.
9
Calculate the remainder when 952 is divided by 313.
13
Calculate the remainder when 330 is divided by 48.
42
What is the remainder when 21 is divided by 9?
3
What is the remainder when 89 is divided by 24?
17
Calculate the remainder when 320 is divided by 35.
5
What is the remainder when 620 is divided by 211?
198
Calculate the remainder when 314 is divided by 152.
10
What is the remainder when 2186 is divided by 439?
430
Calculate the remainder when 252 is divided by 60.
12
Calculate the remainder when 79 is divided by 18.
7
What is the remainder when 33 is divided by 7?
5
What is the remainder when 33 is divided by 27?
6
What is the remainder when 1548 is divided by 37?
31
What is the remainder when 376 is divided by 54?
52
Calculate the remainder when 317 is divided by 65.
57
Calculate the remainder when 68 is divided by 6.
2
What is the remainder when 366 is divided by 134?
98
What is the remainder when 767 is divided by 48?
47
Calculate the remainder when 336 is divided by 18.
12
Calculate the remainder when 6364 is divided by 67.
66
Calculate the remainder when 1815 is divided by 76.
67
Calculate the remainder when 43 is divided by 11.
10
What is the remainder when 5243 is divided by 5237?
6
What is the remainder when 304 is divided by 5?
4
What is the remainder when 260 is divided by 67?
59
What is the remainder when 7245 is divided by 16?
13
What is the remainder when 82 is divided by 53?
29
Calculate the remainder when 132 is divided by 45.
42
What is the remainder when 453 is divided by 157?
139
What is the remainder when 5284 is divided by 1757?
13
Calculate the remainder when 6655 is divided by 208.
207
Calculate the remainder when 121 is divided by 115.
6
What is the remainder when 5242 is divided by 122?
118
Calculate the remainder when 18751 is divided by 133.
131
Calculate the remainder when 745 is divided by 22.
19
What is the remainder when 283 is divided by 67?
15
Calculate the remainder when 3548 is divided by 13.
12
What is the remainder when 4030 is divided by 28?
26
What is the remainder when 1293 is divided by 328?
309
Calculate the remainder when 94 is divided by 30.
4
Calculate the remainder when 197 is divided by 14.
1
What is the remainder when 1365 is divided by 450?
15
What is the remainder when 2037 is divided by 10?
7
Calculate the remainder when 1332 is divided by 190.
2
Calculate the remainder when 400 is divided by 15.
10
Calculate the remainder when 112 is divided by 27.
4
What is the remainder when 206 is divided by 205?
1
What is the remainder when 43 is divided by 15?
13
What is the remainder when 2940 is divided by 34?
16
What is the remainder when 205 is divided by 13?
10
Calculate the remainder when 302 is divided by 97.
11
Calculate the remainder when